{"id":3306,"date":"2025-07-07T09:09:38","date_gmt":"2025-07-07T07:09:38","guid":{"rendered":"https:\/\/beautystyle-cosmetics.com\/?page_id=3306"},"modified":"2025-10-17T08:24:45","modified_gmt":"2025-10-17T06:24:45","slug":"nexa-lt-hautanalyse","status":"publish","type":"page","link":"https:\/\/beautystyle-cosmetics.com\/?page_id=3306","title":{"rendered":"NEXA LT Hautanalyse"},"content":{"rendered":"<section  class='av_textblock_section av-mcsregnv-a2c3165f4c2ac973d989a8daabb7352e '   itemscope=\"itemscope\" itemtype=\"https:\/\/schema.org\/CreativeWork\" ><div class='avia_textblock'  itemprop=\"text\" ><p style=\"text-align: center;\"><strong>HAUTANALYSE<\/strong><\/p>\n<p style=\"text-align: center;\">IPAD-TECHNOLOGIE<br \/>\nSchnelle, fundierte Hautanalyse \u2013 direkt auf dem iPad. Die nahtlose Integration in den NEXALT Booth erm\u00f6glicht klare, detaillierte Hautbilder und eine intuitive Anwendung \u2013 flexibel einsetzbar in jedem Beratungskontext.<\/p>\n<p style=\"text-align: center;\">SKIN-VIEW-KAMERAAUFSATZ<br \/>\nDer integrierte SkinView-Kameraaufsatz f\u00fcr das iPad liefert pr\u00e4zise und hochaufl\u00f6sende Hautbilder \u2013 ideal f\u00fcr reproduzierbare Aufnahmen und exakte Hautanalysen.<\/p>\n<p style=\"text-align: center;\">INTUITIVE NEXALT APP<br \/>\nDie NEXALT App visualisiert die Hautstruktur aus drei Perspektiven und stellt Hautmerkmale im Detail dar. Sie erm\u00f6glicht eine objektive, professionelle Bewertung verschiedener Hautzust\u00e4nde \u2013 darunter Falten, Sonnensch\u00e4den, Porphyrine, Hauttextur, Hyperpigmentierungen und vaskul\u00e4re L\u00e4sionen. Die Zoomfunktion erlaubt eine Analyse bis ins feinste Detail.<\/p>\n<p style=\"text-align: center;\">NEXA See what you cannot see&#8230;<\/p>\n<ul style=\"text-align: center;\">\n<li>Pigmentflecken<\/li>\n<li>Sichtbare Poren<\/li>\n<li>Hauttextur<\/li>\n<li>R\u00f6tungen<\/li>\n<li>Verstopfte Poren<\/li>\n<li>Oberfl\u00e4chliche Flecken<\/li>\n<li>Falten&amp;feine Linie<\/li>\n<li>UV-Sch\u00e4den<\/li>\n<\/ul>\n<p style=\"text-align: center;\">Die Hautanalyse Beratung dauert ca 30-45min<\/p>\n<p style=\"text-align: center;\"><strong>Preis: 149,00<\/strong><\/p>\n<\/div><\/section>\n\n<style type=\"text\/css\" data-created_by=\"avia_inline_auto\" id=\"style-css-av-mcsr8rs8-e0a0245f5d7e3565d682b86b806aa1c3\">\n.avia-logo-element-container.av-mcsr8rs8-e0a0245f5d7e3565d682b86b806aa1c3 .av-partner-fake-img{\nbackground-size:cover;\n}\n<\/style>\n<div  class='avia-logo-element-container av-mcsr8rs8-e0a0245f5d7e3565d682b86b806aa1c3 avia-logo-slider avia-content-slider avia-smallarrow-slider avia-content-slider-active noHover avia-content-slider-odd  avia-builder-el-1  el_after_av_textblock  el_before_av_button  av-slideshow-ui av-control-default av-nav-arrows-visible av-nav-dots-visible av-no-slider-navigation av-slideshow-manual av-loop-once av-loop-manual-endless avia-content-slider1' data-slideshow-options=\"{&quot;animation&quot;:&quot;slide&quot;,&quot;autoplay&quot;:false,&quot;loop_autoplay&quot;:&quot;once&quot;,&quot;interval&quot;:5,&quot;loop_manual&quot;:&quot;manual-endless&quot;,&quot;autoplay_stopper&quot;:false,&quot;noNavigation&quot;:false,&quot;bg_slider&quot;:false,&quot;keep_padding&quot;:&quot;&quot;,&quot;hoverpause&quot;:false,&quot;show_slide_delay&quot;:0}\"><div class='avia-smallarrow-slider-heading  no-logo-slider-heading '><div class='new-special-heading'>&nbsp;<\/div><\/div><div class=\"avia-content-slider-inner\"><div class=\"slide-entry-wrap\"><div  class='slide-entry av-27uq7e-9918eed210b88ac1e6a731d45b8db029 flex_column no_margin av_one_third real-thumbnail post-entry slide-entry-overview slide-loop-1 slide-parity-odd post-entry-last first'><span class='av-partner-fake-img' style='padding-bottom:64.9350649351%; background-image:url(https:\/\/beautystyle-cosmetics.com\/wp-content\/uploads\/2025\/07\/IMG_5305.png);'><\/span><\/div><\/div><\/div><\/div>\n<div  class='avia-button-wrap av-mcsrsacl-eec83c1f46071bea73ea5977a3328e7e-wrap avia-button-center  avia-builder-el-2  el_after_av_partner  el_before_av_horizontal_gallery  avia-builder-el-last '><a href='https:\/\/booking.localsearch.ch\/bookings\/beauty-style-cosmetics\/services?locale=de-CH&origin=standalone'  class='avia-button av-mcsrsacl-eec83c1f46071bea73ea5977a3328e7e avia-icon_select-no avia-size-x-large avia-position-center avia-color-theme-color'  ><span class='avia_iconbox_title' >Termin buchen<\/span><\/a><\/div>\n\n<style type=\"text\/css\" data-created_by=\"avia_inline_auto\" id=\"style-css-av-mgugpwkf-69f6796ff0194af7890c12b86aad2c36\">\n.av-horizontal-gallery.av-mgugpwkf-69f6796ff0194af7890c12b86aad2c36{\npadding:3.75% 0px;;\n}\n.av-horizontal-gallery.av-mgugpwkf-69f6796ff0194af7890c12b86aad2c36 .av-horizontal-gallery-inner{\npadding-bottom:25%;\n}\n<\/style>\n<div  class='av-horizontal-gallery av-mgugpwkf-69f6796ff0194af7890c12b86aad2c36 av-horizontal-gallery-large-gap av-horizontal-gallery-enlarge-effect  avia-builder-el-3  el_after_av_button  avia-builder-el-last  av-slideshow-ui av-control-default av-slideshow-manual av-loop-once av-loop-manual-once av-horizontal-gallery-1' data-slideshow-data=\"{&quot;enlarge&quot;:1.3000000000000000444089209850062616169452667236328125,&quot;animation&quot;:&quot;slide&quot;,&quot;autoplay&quot;:false,&quot;loop_autoplay&quot;:&quot;once&quot;,&quot;interval&quot;:5,&quot;loop_manual&quot;:&quot;manual-once&quot;,&quot;autoplay_stopper&quot;:false,&quot;noNavigation&quot;:false,&quot;bg_slider&quot;:false,&quot;keep_padding&quot;:&quot;&quot;,&quot;hoverpause&quot;:false,&quot;show_slide_delay&quot;:0}\"  itemprop=\"image\" itemscope=\"itemscope\" itemtype=\"https:\/\/schema.org\/ImageObject\" ><div class='avia-slideshow-arrows avia-slideshow-controls' ><a href='#prev' class='prev-slide av-horizontal-gallery-prev' aria-hidden='true' data-av_icon='\ue87c' data-av_iconfont='entypo-fontello'  tabindex='-1'>Zur\u00fcck<\/a><a href='#next' class='next-slide av-horizontal-gallery-next' aria-hidden='true' data-av_icon='\ue87d' data-av_iconfont='entypo-fontello'  tabindex='-1'>Weiter<\/a><\/div><div class='avia-slideshow-dots avia-slideshow-controls av-horizontal-gallery-dots fade-in'><a href='#1' class='goto-slide active' >1<\/a><a href='#2' class='goto-slide ' >2<\/a><a href='#3' class='goto-slide ' >3<\/a><\/div><div class='av-horizontal-gallery-inner' data-av-height='25'><div class=\"av-horizontal-gallery-slider\"><div class=\"av-horizontal-gallery-wrap noHover\"><img decoding=\"async\" fetchpriority=\"high\" class='wp-image-3307 avia-img-lazy-loading-not-3307 av-horizontal-gallery-img' width=\"1000\" height=\"1000\" src=\"https:\/\/beautystyle-cosmetics.com\/wp-content\/uploads\/2025\/07\/IMG_5264.jpeg\" title='IMG_5264' alt='' srcset=\"https:\/\/beautystyle-cosmetics.com\/wp-content\/uploads\/2025\/07\/IMG_5264.jpeg 1000w, https:\/\/beautystyle-cosmetics.com\/wp-content\/uploads\/2025\/07\/IMG_5264-300x300.jpeg 300w, https:\/\/beautystyle-cosmetics.com\/wp-content\/uploads\/2025\/07\/IMG_5264-80x80.jpeg 80w, https:\/\/beautystyle-cosmetics.com\/wp-content\/uploads\/2025\/07\/IMG_5264-768x768.jpeg 768w, https:\/\/beautystyle-cosmetics.com\/wp-content\/uploads\/2025\/07\/IMG_5264-36x36.jpeg 36w, https:\/\/beautystyle-cosmetics.com\/wp-content\/uploads\/2025\/07\/IMG_5264-180x180.jpeg 180w, https:\/\/beautystyle-cosmetics.com\/wp-content\/uploads\/2025\/07\/IMG_5264-705x705.jpeg 705w, https:\/\/beautystyle-cosmetics.com\/wp-content\/uploads\/2025\/07\/IMG_5264-120x120.jpeg 120w, https:\/\/beautystyle-cosmetics.com\/wp-content\/uploads\/2025\/07\/IMG_5264-450x450.jpeg 450w, https:\/\/beautystyle-cosmetics.com\/wp-content\/uploads\/2025\/07\/IMG_5264-100x100.jpeg 100w\" sizes=\"(max-width: 1000px) 100vw, 1000px\" \/><a href=\"https:\/\/beautystyle-cosmetics.com\/wp-content\/uploads\/2025\/07\/IMG_5264.jpeg\" data-srcset=\"https:\/\/beautystyle-cosmetics.com\/wp-content\/uploads\/2025\/07\/IMG_5264.jpeg 1000w, https:\/\/beautystyle-cosmetics.com\/wp-content\/uploads\/2025\/07\/IMG_5264-300x300.jpeg 300w, https:\/\/beautystyle-cosmetics.com\/wp-content\/uploads\/2025\/07\/IMG_5264-80x80.jpeg 80w, https:\/\/beautystyle-cosmetics.com\/wp-content\/uploads\/2025\/07\/IMG_5264-768x768.jpeg 768w, https:\/\/beautystyle-cosmetics.com\/wp-content\/uploads\/2025\/07\/IMG_5264-36x36.jpeg 36w, https:\/\/beautystyle-cosmetics.com\/wp-content\/uploads\/2025\/07\/IMG_5264-180x180.jpeg 180w, https:\/\/beautystyle-cosmetics.com\/wp-content\/uploads\/2025\/07\/IMG_5264-705x705.jpeg 705w, https:\/\/beautystyle-cosmetics.com\/wp-content\/uploads\/2025\/07\/IMG_5264-120x120.jpeg 120w, https:\/\/beautystyle-cosmetics.com\/wp-content\/uploads\/2025\/07\/IMG_5264-450x450.jpeg 450w, https:\/\/beautystyle-cosmetics.com\/wp-content\/uploads\/2025\/07\/IMG_5264-100x100.jpeg 100w\" data-sizes=\"(max-width: 1000px) 100vw, 1000px\" class='av-horizontal-gallery-link' aria-hidden='true' data-av_icon='\ue869' data-av_iconfont='entypo-fontello' title='IMG_5264' alt=''><\/a><\/div><div class=\"av-horizontal-gallery-wrap noHover\"><img decoding=\"async\" fetchpriority=\"high\" class='wp-image-3308 avia-img-lazy-loading-not-3308 av-horizontal-gallery-img' width=\"599\" height=\"548\" src=\"https:\/\/beautystyle-cosmetics.com\/wp-content\/uploads\/2025\/07\/IMG_5279.png\" title='IMG_5279' alt='' srcset=\"https:\/\/beautystyle-cosmetics.com\/wp-content\/uploads\/2025\/07\/IMG_5279.png 599w, https:\/\/beautystyle-cosmetics.com\/wp-content\/uploads\/2025\/07\/IMG_5279-300x274.png 300w, https:\/\/beautystyle-cosmetics.com\/wp-content\/uploads\/2025\/07\/IMG_5279-450x412.png 450w\" sizes=\"(max-width: 599px) 100vw, 599px\" \/><a href=\"https:\/\/beautystyle-cosmetics.com\/wp-content\/uploads\/2025\/07\/IMG_5279.png\" data-srcset=\"https:\/\/beautystyle-cosmetics.com\/wp-content\/uploads\/2025\/07\/IMG_5279.png 599w, https:\/\/beautystyle-cosmetics.com\/wp-content\/uploads\/2025\/07\/IMG_5279-300x274.png 300w, https:\/\/beautystyle-cosmetics.com\/wp-content\/uploads\/2025\/07\/IMG_5279-450x412.png 450w\" data-sizes=\"(max-width: 599px) 100vw, 599px\" class='av-horizontal-gallery-link' aria-hidden='true' data-av_icon='\ue869' data-av_iconfont='entypo-fontello' title='IMG_5279' alt=''><\/a><\/div><div class=\"av-horizontal-gallery-wrap noHover\"><img decoding=\"async\" fetchpriority=\"high\" class='wp-image-3309 avia-img-lazy-loading-not-3309 av-horizontal-gallery-img' width=\"1000\" height=\"1000\" src=\"https:\/\/beautystyle-cosmetics.com\/wp-content\/uploads\/2025\/07\/IMG_5277.jpeg\" title='IMG_5277' alt='' srcset=\"https:\/\/beautystyle-cosmetics.com\/wp-content\/uploads\/2025\/07\/IMG_5277.jpeg 1000w, https:\/\/beautystyle-cosmetics.com\/wp-content\/uploads\/2025\/07\/IMG_5277-300x300.jpeg 300w, https:\/\/beautystyle-cosmetics.com\/wp-content\/uploads\/2025\/07\/IMG_5277-80x80.jpeg 80w, https:\/\/beautystyle-cosmetics.com\/wp-content\/uploads\/2025\/07\/IMG_5277-768x768.jpeg 768w, https:\/\/beautystyle-cosmetics.com\/wp-content\/uploads\/2025\/07\/IMG_5277-36x36.jpeg 36w, https:\/\/beautystyle-cosmetics.com\/wp-content\/uploads\/2025\/07\/IMG_5277-180x180.jpeg 180w, https:\/\/beautystyle-cosmetics.com\/wp-content\/uploads\/2025\/07\/IMG_5277-705x705.jpeg 705w, https:\/\/beautystyle-cosmetics.com\/wp-content\/uploads\/2025\/07\/IMG_5277-120x120.jpeg 120w, https:\/\/beautystyle-cosmetics.com\/wp-content\/uploads\/2025\/07\/IMG_5277-450x450.jpeg 450w, https:\/\/beautystyle-cosmetics.com\/wp-content\/uploads\/2025\/07\/IMG_5277-100x100.jpeg 100w\" sizes=\"(max-width: 1000px) 100vw, 1000px\" \/><a href=\"https:\/\/beautystyle-cosmetics.com\/wp-content\/uploads\/2025\/07\/IMG_5277.jpeg\" data-srcset=\"https:\/\/beautystyle-cosmetics.com\/wp-content\/uploads\/2025\/07\/IMG_5277.jpeg 1000w, https:\/\/beautystyle-cosmetics.com\/wp-content\/uploads\/2025\/07\/IMG_5277-300x300.jpeg 300w, https:\/\/beautystyle-cosmetics.com\/wp-content\/uploads\/2025\/07\/IMG_5277-80x80.jpeg 80w, https:\/\/beautystyle-cosmetics.com\/wp-content\/uploads\/2025\/07\/IMG_5277-768x768.jpeg 768w, https:\/\/beautystyle-cosmetics.com\/wp-content\/uploads\/2025\/07\/IMG_5277-36x36.jpeg 36w, https:\/\/beautystyle-cosmetics.com\/wp-content\/uploads\/2025\/07\/IMG_5277-180x180.jpeg 180w, https:\/\/beautystyle-cosmetics.com\/wp-content\/uploads\/2025\/07\/IMG_5277-705x705.jpeg 705w, https:\/\/beautystyle-cosmetics.com\/wp-content\/uploads\/2025\/07\/IMG_5277-120x120.jpeg 120w, https:\/\/beautystyle-cosmetics.com\/wp-content\/uploads\/2025\/07\/IMG_5277-450x450.jpeg 450w, https:\/\/beautystyle-cosmetics.com\/wp-content\/uploads\/2025\/07\/IMG_5277-100x100.jpeg 100w\" data-sizes=\"(max-width: 1000px) 100vw, 1000px\" class='av-horizontal-gallery-link' aria-hidden='true' data-av_icon='\ue869' data-av_iconfont='entypo-fontello' title='IMG_5277' alt=''><\/a><\/div><\/div><\/div><\/div>\n","protected":false},"excerpt":{"rendered":"","protected":false},"author":6,"featured_media":0,"parent":0,"menu_order":0,"comment_status":"closed","ping_status":"closed","template":"","meta":{"footnotes":""},"_links":{"self":[{"href":"https:\/\/beautystyle-cosmetics.com\/index.php?rest_route=\/wp\/v2\/pages\/3306"}],"collection":[{"href":"https:\/\/beautystyle-cosmetics.com\/index.php?rest_route=\/wp\/v2\/pages"}],"about":[{"href":"https:\/\/beautystyle-cosmetics.com\/index.php?rest_route=\/wp\/v2\/types\/page"}],"author":[{"embeddable":true,"href":"https:\/\/beautystyle-cosmetics.com\/index.php?rest_route=\/wp\/v2\/users\/6"}],"replies":[{"embeddable":true,"href":"https:\/\/beautystyle-cosmetics.com\/index.php?rest_route=%2Fwp%2Fv2%2Fcomments&post=3306"}],"version-history":[{"count":7,"href":"https:\/\/beautystyle-cosmetics.com\/index.php?rest_route=\/wp\/v2\/pages\/3306\/revisions"}],"predecessor-version":[{"id":3458,"href":"https:\/\/beautystyle-cosmetics.com\/index.php?rest_route=\/wp\/v2\/pages\/3306\/revisions\/3458"}],"wp:attachment":[{"href":"https:\/\/beautystyle-cosmetics.com\/index.php?rest_route=%2Fwp%2Fv2%2Fmedia&parent=3306"}],"curies":[{"name":"wp","href":"https:\/\/api.w.org\/{rel}","templated":true}]}}