{"id":3405,"date":"2025-10-16T14:12:00","date_gmt":"2025-10-16T12:12:00","guid":{"rendered":"https:\/\/beautystyle-cosmetics.com\/?page_id=3405"},"modified":"2025-10-17T07:54:20","modified_gmt":"2025-10-17T05:54:20","slug":"thermolift-radiofrequenz","status":"publish","type":"page","link":"https:\/\/beautystyle-cosmetics.com\/?page_id=3405","title":{"rendered":"Thermolift-Radiofrequenz"},"content":{"rendered":"<section  class='av_textblock_section av-mgtk7xs4-14762af45365f61ae2e8a9c4ccdbb2ca '   itemscope=\"itemscope\" itemtype=\"https:\/\/schema.org\/CreativeWork\" ><div class='avia_textblock'  itemprop=\"text\" ><p><strong>HC 7 Radio Frequenz Therma Lift<\/strong><\/p>\n<p>Durch die sanfte Radiofrequenztherapie kann Ihre Haut in neuer Frische erstrahlen und mit geringem Zeitaufwand ein nat\u00fcrlicher Lifting-Effekt erzielt werden.<\/p>\n<p>Die Behandlung erfolgt nicht invasiv und schonend. Die Haut wird von Radiowellen durchdrungen, die tief im Hautinneren ihre intensive Wirkung entfalten. Es entsteht eine Molekularbewegung, die eine gewollte W\u00e4rmeentwicklung bewirkt. Dies regt die Neubildung von straffendem Kollagen an, so dass Hautdichte und Hautfestigkeit erh\u00f6ht und der Zellstoffwechsel angeregt werden k\u00f6nnen. Die \u00e4u\u00dferen Zeichen der Hautalterung sind nach der Behandlung positiv beeinflusst, die Haut wirkt glatter.<\/p>\n<p><strong>Indikationen:<\/strong><\/p>\n<p><strong>Faltenbek\u00e4mpfung<\/strong><br \/>\n<strong>Regt den Zellstoffwechsel an<\/strong><br \/>\n<strong>Nat\u00fcrlicher Lifting-Effekt<\/strong><br \/>\n<strong>Hautstraffung- und Gl\u00e4ttung<\/strong><\/p>\n<p style=\"text-align: center;\"><strong>Preise:<\/strong><\/p>\n<p style=\"text-align: center;\"><strong>249,- inkl Gesicht&#038; Hals<\/strong><\/p>\n<p style=\"text-align: center;\"><strong>289,- inkl. Dekollet\u00e9\u00a0<\/strong><\/p>\n<\/div><\/section>\n<div  class='flex_column av-2jn425-c35155a9597eae4824865d1d188c508f av_one_half  avia-builder-el-1  el_after_av_textblock  avia-builder-el-last  first flex_column_div  column-top-margin'     ><\/div>\n","protected":false},"excerpt":{"rendered":"","protected":false},"author":6,"featured_media":0,"parent":0,"menu_order":0,"comment_status":"closed","ping_status":"closed","template":"","meta":{"footnotes":""},"_links":{"self":[{"href":"https:\/\/beautystyle-cosmetics.com\/index.php?rest_route=\/wp\/v2\/pages\/3405"}],"collection":[{"href":"https:\/\/beautystyle-cosmetics.com\/index.php?rest_route=\/wp\/v2\/pages"}],"about":[{"href":"https:\/\/beautystyle-cosmetics.com\/index.php?rest_route=\/wp\/v2\/types\/page"}],"author":[{"embeddable":true,"href":"https:\/\/beautystyle-cosmetics.com\/index.php?rest_route=\/wp\/v2\/users\/6"}],"replies":[{"embeddable":true,"href":"https:\/\/beautystyle-cosmetics.com\/index.php?rest_route=%2Fwp%2Fv2%2Fcomments&post=3405"}],"version-history":[{"count":4,"href":"https:\/\/beautystyle-cosmetics.com\/index.php?rest_route=\/wp\/v2\/pages\/3405\/revisions"}],"predecessor-version":[{"id":3454,"href":"https:\/\/beautystyle-cosmetics.com\/index.php?rest_route=\/wp\/v2\/pages\/3405\/revisions\/3454"}],"wp:attachment":[{"href":"https:\/\/beautystyle-cosmetics.com\/index.php?rest_route=%2Fwp%2Fv2%2Fmedia&parent=3405"}],"curies":[{"name":"wp","href":"https:\/\/api.w.org\/{rel}","templated":true}]}}