{"id":463,"date":"2016-05-09T14:51:49","date_gmt":"2016-05-09T12:51:49","guid":{"rendered":"http:\/\/beautystyle-cosmetics.com.w0148cd9.kasserver.com\/?page_id=463"},"modified":"2025-10-16T13:56:37","modified_gmt":"2025-10-16T11:56:37","slug":"haarentfernung-mit-wax","status":"publish","type":"page","link":"https:\/\/beautystyle-cosmetics.com\/?page_id=463","title":{"rendered":"Haarentfernung mit Wachs"},"content":{"rendered":"\n<style type=\"text\/css\" data-created_by=\"avia_inline_auto\" id=\"style-css-av-4njmh3-61620ef0c6e992704ca9dd48cf3b7b3f\">\n.avia-section.av-4njmh3-61620ef0c6e992704ca9dd48cf3b7b3f .av-parallax .av-parallax-inner{\nbackground-repeat:no-repeat;\nbackground-image:url(https:\/\/beautystyle-cosmetics.com\/wp-content\/uploads\/2016\/02\/Waxing.png);\nbackground-position:50% 50%;\nbackground-attachment:scroll;\n}\n.avia-section.av-4njmh3-61620ef0c6e992704ca9dd48cf3b7b3f .av-section-color-overlay{\nopacity:0.5;\nbackground-color:#000000;\n}\n<\/style>\n<div id='av_section_1'  class='avia-section av-4njmh3-61620ef0c6e992704ca9dd48cf3b7b3f main_color avia-section-default avia-no-shadow  avia-builder-el-0  el_before_av_layout_row  avia-builder-el-first  avia-full-stretch av-parallax-section avia-bg-style-parallax av-section-color-overlay-active av-minimum-height av-minimum-height-100 av-height-100  container_wrap sidebar_right'  data-section-bg-repeat='stretch' data-av_minimum_height_pc='100' data-av_min_height_opt='100'><div class='av-parallax' data-avia-parallax-ratio='0.3' ><div class='av-parallax-inner main_color avia-full-stretch'><\/div><\/div><div class=\"av-section-color-overlay-wrap\"><div class=\"av-section-color-overlay\"><\/div><a href='#next-section' title='' class='scroll-down-link ' aria-hidden='true' data-av_icon='\ue877' data-av_iconfont='entypo-fontello'><\/a><div class='container av-section-cont-open' ><main  role=\"main\" itemprop=\"mainContentOfPage\"  class='template-page content  av-content-small alpha units'><div class='post-entry post-entry-type-page post-entry-463'><div class='entry-content-wrapper clearfix'>\n\n<style type=\"text\/css\" data-created_by=\"avia_inline_auto\" id=\"style-css-av-4jsbbz-b3daa9a3c2a96b1e631dbe258b57c102\">\n.flex_column.av-4jsbbz-b3daa9a3c2a96b1e631dbe258b57c102{\nborder-radius:0px 0px 0px 0px;\npadding:0px 0px 0px 0px;\n}\n<\/style>\n<div  class='flex_column av-4jsbbz-b3daa9a3c2a96b1e631dbe258b57c102 av_one_third  avia-builder-el-1  avia-builder-el-no-sibling  first flex_column_div av-zero-column-padding  '     ><p>\n<style type=\"text\/css\" data-created_by=\"avia_inline_auto\" id=\"style-css-av-kmklz-1f37731f08c86f64a92a44593094019d\">\n#top .av-special-heading.av-kmklz-1f37731f08c86f64a92a44593094019d{\npadding-bottom:10px;\ncolor:#ffffff;\n}\nbody .av-special-heading.av-kmklz-1f37731f08c86f64a92a44593094019d .av-special-heading-tag .heading-char{\nfont-size:25px;\n}\n.av-special-heading.av-kmklz-1f37731f08c86f64a92a44593094019d .special-heading-inner-border{\nborder-color:#ffffff;\n}\n.av-special-heading.av-kmklz-1f37731f08c86f64a92a44593094019d .av-subheading{\nfont-size:15px;\n}\n<\/style>\n<div  class='av-special-heading av-kmklz-1f37731f08c86f64a92a44593094019d av-special-heading-h1 custom-color-heading blockquote modern-quote  avia-builder-el-2  el_before_av_button  avia-builder-el-first '><h1 class='av-special-heading-tag'  itemprop=\"headline\"  >Haarentfernung \/ Epilfree<\/h1><div class='av_custom_color av-subheading av-subheading_below'><p>Depilation<\/p>\n<\/div><div class=\"special-heading-border\"><div class=\"special-heading-inner-border\"><\/div><\/div><\/div><br \/>\n<div  class='avia-button-wrap av-4ahufr-706a0cd292011dd656d2be7c59f64d5e-wrap avia-button-left  avia-builder-el-3  el_after_av_heading  avia-builder-el-last '>\n<style type=\"text\/css\" data-created_by=\"avia_inline_auto\" id=\"style-css-av-4ahufr-706a0cd292011dd656d2be7c59f64d5e\">\n#top #wrap_all .avia-button.av-4ahufr-706a0cd292011dd656d2be7c59f64d5e{\nbackground-color:#ffffff;\nborder-color:#ffffff;\ncolor:#000000;\ntransition:all 0.4s ease-in-out;\n}\n<\/style>\n<a href='https:\/\/booking.localsearch.ch\/bookings\/beauty-style-cosmetics\/services?locale=de-CH&origin=standalone' class='avia-button av-4ahufr-706a0cd292011dd656d2be7c59f64d5e avia-icon_select-yes-right-icon avia-size-large avia-position-left av-icon-on-hover' target=\"_blank\" rel=\"noopener noreferrer\"><span class='avia_iconbox_title' >Termin buchen<\/span><span class='avia_button_icon avia_button_icon_right' aria-hidden='true' data-av_icon='\ue875' data-av_iconfont='entypo-fontello'><\/span><\/a><\/div><\/p><\/div>\n\n<\/div><\/div><\/main><!-- close content main element --><\/div><\/div><\/div><div id='av-layout-grid-1'  class='av-layout-grid-container av-3zpbjz-64c372eb069be0b50abf406ae75ff8bb entry-content-wrapper main_color av-flex-cells  avia-builder-el-4  el_after_av_section  el_before_av_section  grid-row-not-first  container_wrap sidebar_right'  >\n\n<style type=\"text\/css\" data-created_by=\"avia_inline_auto\" id=\"style-css-av-3ybvgn-f04d59ae1a4a6c71a5267578f16677b5\">\n.flex_cell.av-3ybvgn-f04d59ae1a4a6c71a5267578f16677b5{\nvertical-align:top;\n}\n.responsive #top #wrap_all .flex_cell.av-3ybvgn-f04d59ae1a4a6c71a5267578f16677b5{\npadding:30px 30px 30px 30px !important;\n}\n<\/style>\n<div class='flex_cell av-3ybvgn-f04d59ae1a4a6c71a5267578f16677b5 av-gridrow-cell av_one_half no_margin  avia-builder-el-5  el_before_av_cell_one_half  avia-builder-el-first '  ><div class='flex_cell_inner'><p>\n<style type=\"text\/css\" data-created_by=\"avia_inline_auto\" id=\"style-css-av-1qfgjb-82655282af08c77d9d8efb1834c55d37\">\n#top .av-special-heading.av-1qfgjb-82655282af08c77d9d8efb1834c55d37{\npadding-bottom:10px;\n}\nbody .av-special-heading.av-1qfgjb-82655282af08c77d9d8efb1834c55d37 .av-special-heading-tag .heading-char{\nfont-size:25px;\n}\n.av-special-heading.av-1qfgjb-82655282af08c77d9d8efb1834c55d37 .av-subheading{\nfont-size:15px;\n}\n<\/style>\n<div  class='av-special-heading av-1qfgjb-82655282af08c77d9d8efb1834c55d37 av-special-heading-h1 blockquote modern-quote  avia-builder-el-6  el_before_av_catalogue  avia-builder-el-first '><h1 class='av-special-heading-tag'  itemprop=\"headline\"  >Haarentfernung mit Wachs \/ Epilfree<\/h1><div class='av-subheading av-subheading_below'><p>Depilation<\/p>\n<\/div><div class=\"special-heading-border\"><div class=\"special-heading-inner-border\"><\/div><\/div><\/div><br \/>\n<div  class='av-catalogue-container av-3j3ipz-0ac34befc83fbc5688521d95bcf34d25  avia-builder-el-7  el_after_av_heading  el_before_av_button '><ul class='av-catalogue-list'>\n<li><div class='av-catalogue-item av-1ajfxz-2e1e8756d6ea0451a7cf6b4a2833b6a1' ><div class=\"av-catalogue-item-inner\"><div class=\"av-catalogue-title-container\"><div class='av-catalogue-title'>Bikini \/ Epilfree<\/div><div class='av-catalogue-price'> 39,- \/ 120,-<\/div><\/div><div class=\"av-catalogue-content\">\nnur Bikinilinie<br \/>\n<\/div><\/div><\/div><\/li>\n<li><div class='av-catalogue-item av-lw6oskvz-d3311b0fd7f7483cd292309cf1375774' ><div class=\"av-catalogue-item-inner\"><div class=\"av-catalogue-title-container\"><div class='av-catalogue-title'>Achsel \/ Epilfree<\/div><div class='av-catalogue-price'>39,- \/ 100,-<\/div><\/div><div class=\"av-catalogue-content\"><\/div><\/div><\/div><\/li>\n<li><div class='av-catalogue-item av-2uq52n-e94e4a44d665e84326c40cee910d1742' ><div class=\"av-catalogue-item-inner\"><div class=\"av-catalogue-title-container\"><div class='av-catalogue-title'>Oberlippe\/ Epilfree<\/div><div class='av-catalogue-price'>25,- \/ 50,-<\/div><\/div><div class=\"av-catalogue-content\"><\/div><\/div><\/div><\/li>\n<li><div class='av-catalogue-item av-2sq7kf-f6c771024af0db9b3d7e76ebd7f20329' ><div class=\"av-catalogue-item-inner\"><div class=\"av-catalogue-title-container\"><div class='av-catalogue-title'>Oberlippe\/Kinn \/ Epilfree<\/div><div class='av-catalogue-price'>35,- \/ 80,-<\/div><\/div><div class=\"av-catalogue-content\"><\/div><\/div><\/div><\/li>\n<li><div class='av-catalogue-item av-dljz-00b856092a9779b91605d4c2c6dc1792' ><div class=\"av-catalogue-item-inner\"><div class=\"av-catalogue-title-container\"><div class='av-catalogue-title'>Oberlippe in jeder Gesichtsbehandlung integriert <\/div><div class='av-catalogue-price'>17.- <\/div><\/div><div class=\"av-catalogue-content\"><\/div><\/div><\/div><\/li>\n<li><div class='av-catalogue-item av-8vchz-329bad117f5b0cd89aaf4090445aaf5c' ><div class=\"av-catalogue-item-inner\"><div class=\"av-catalogue-title-container\"><div class='av-catalogue-title'>Oberlippe \/ Kinn in der Gesichtsbehandlung <\/div><div class='av-catalogue-price'>25.-<\/div><\/div><div class=\"av-catalogue-content\"><\/div><\/div><\/div><\/li>\n<li><div class='av-catalogue-item av-8fc3z-69f14cb1eb20778a8dc2fcbd2890bd65' ><div class=\"av-catalogue-item-inner\"><div class=\"av-catalogue-title-container\"><div class='av-catalogue-title'>Brazilian \/ Epilfree <\/div><div class='av-catalogue-price'>69,- \/ 200,-<\/div><\/div><div class=\"av-catalogue-content\"><\/div><\/div><\/div><\/li>\n<li><div class='av-catalogue-item av-lw6ozsgy-2fba446122053a65a18a5e5c10e54e8f' ><div class=\"av-catalogue-item-inner\"><div class=\"av-catalogue-title-container\"><div class='av-catalogue-title'>Gesicht komplett <\/div><div class='av-catalogue-price'>200,-<\/div><\/div><div class=\"av-catalogue-content\">\nmit Epilfree<br \/>\n<\/div><\/div><\/div><\/li>\n<li><div class='av-catalogue-item av-lw6p0jkd-1ba46f677fed0ba2eab3dee3edeb4a8b' ><div class=\"av-catalogue-item-inner\"><div class=\"av-catalogue-title-container\"><div class='av-catalogue-title'>Nase&Ohren <\/div><div class='av-catalogue-price'>60,-<\/div><\/div><div class=\"av-catalogue-content\">\nmit Epilfree<br \/>\n<\/div><\/div><\/div><\/li>\n<li><div class='av-catalogue-item av-mgtcykbq-5ad5b8c1a19d1ecc1af0b4a2e006e330' ><div class=\"av-catalogue-item-inner\"><div class=\"av-catalogue-title-container\"><div class='av-catalogue-title'>Beine ganz<\/div><div class='av-catalogue-price'>89,00<\/div><\/div><div class=\"av-catalogue-content\"><\/div><\/div><\/div><\/li>\n<li><div class='av-catalogue-item av-mgtcz9e0-0f85b9a197c54c0a1dacc4d1ed8409ca' ><div class=\"av-catalogue-item-inner\"><div class=\"av-catalogue-title-container\"><div class='av-catalogue-title'>Beine halb <\/div><div class='av-catalogue-price'>59,00<\/div><\/div><div class=\"av-catalogue-content\"><\/div><\/div><\/div><\/li>\n<li><div class='av-catalogue-item av-mgtd2cxd-dd94964c3b4a34bac10cd3c6e04069b3' ><div class=\"av-catalogue-item-inner\"><div class=\"av-catalogue-title-container\"><div class='av-catalogue-title'>Arme halb <\/div><div class='av-catalogue-price'>39,00<\/div><\/div><div class=\"av-catalogue-content\"><\/div><\/div><\/div><\/li>\n<li><div class='av-catalogue-item av-mgtd2xae-5a4a6a9b09719193d167b8be83c706f7' ><div class=\"av-catalogue-item-inner\"><div class=\"av-catalogue-title-container\"><div class='av-catalogue-title'>Arme ganz<\/div><div class='av-catalogue-price'>55,00<\/div><\/div><div class=\"av-catalogue-content\"><\/div><\/div><\/div><\/li>\n<li><div class='av-catalogue-item av-mgtd4b2v-8888e0d098b24817df89dda33c8f5484' ><div class=\"av-catalogue-item-inner\"><div class=\"av-catalogue-title-container\"><div class='av-catalogue-title'>Hollywood<\/div><div class='av-catalogue-price'>75,-<\/div><\/div><div class=\"av-catalogue-content\">\nAlles ausser Po\/Intimbereich<br \/>\n<\/div><\/div><\/div><\/li>\n<li><div class='av-catalogue-item av-mgtd50ks-227f59837afcd0f30d54bdc20a51e231' ><div class=\"av-catalogue-item-inner\"><div class=\"av-catalogue-title-container\"><div class='av-catalogue-title'>Brust<\/div><div class='av-catalogue-price'>75,-<\/div><\/div><div class=\"av-catalogue-content\"><\/div><\/div><\/div><\/li>\n<li><div class='av-catalogue-item av-mgtd5l78-efec82e6439d0fd9c0e7ca9ef8613fbb' ><div class=\"av-catalogue-item-inner\"><div class=\"av-catalogue-title-container\"><div class='av-catalogue-title'>R\u00fccken<\/div><div class='av-catalogue-price'>85,-<\/div><\/div><div class=\"av-catalogue-content\"><\/div><\/div><\/div><\/li>\n<\/ul><\/div><br \/>\n<div  class='avia-button-wrap av-1kwypb-af943da29e1756bc2b7734f74c08d3c8-wrap avia-button-left  avia-builder-el-8  el_after_av_catalogue  avia-builder-el-last '>\n<style type=\"text\/css\" data-created_by=\"avia_inline_auto\" id=\"style-css-av-1kwypb-af943da29e1756bc2b7734f74c08d3c8\">\n#top #wrap_all .avia-button.av-1kwypb-af943da29e1756bc2b7734f74c08d3c8{\nbackground-color:#000000;\nborder-color:#000000;\ncolor:#ffffff;\ntransition:all 0.4s ease-in-out;\n}\n<\/style>\n<a href='https:\/\/booking.localsearch.ch\/bookings\/beauty-style-cosmetics\/services?locale=de-CH&origin=standalone' class='avia-button av-1kwypb-af943da29e1756bc2b7734f74c08d3c8 avia-icon_select-yes-right-icon avia-size-large avia-position-left av-icon-on-hover' target=\"_blank\" rel=\"noopener noreferrer\"><span class='avia_iconbox_title' >Termin buchen<\/span><span class='avia_button_icon avia_button_icon_right' aria-hidden='true' data-av_icon='\ue875' data-av_iconfont='entypo-fontello'><\/span><\/a><\/div><\/p>\n<\/div><\/div>\n<style type=\"text\/css\" data-created_by=\"avia_inline_auto\" id=\"style-css-av-1gaek7-4550ddc396b2fe50c62dd2fe3f2d8ef0\">\n.flex_cell.av-1gaek7-4550ddc396b2fe50c62dd2fe3f2d8ef0{\nvertical-align:top;\n}\n.responsive #top #wrap_all .flex_cell.av-1gaek7-4550ddc396b2fe50c62dd2fe3f2d8ef0{\npadding:30px 30px 30px 30px !important;\n}\n<\/style>\n<div class='flex_cell av-1gaek7-4550ddc396b2fe50c62dd2fe3f2d8ef0 av-gridrow-cell av_one_half no_margin  avia-builder-el-9  el_after_av_cell_one_half  avia-builder-el-last '  ><div class='flex_cell_inner'><p>\n<style type=\"text\/css\" data-created_by=\"avia_inline_auto\" id=\"style-css-av-17xe53-394772afbe9537abf141f05118c6d378\">\n.avia-image-container.av-17xe53-394772afbe9537abf141f05118c6d378 img.avia_image{\nbox-shadow:none;\n}\n.avia-image-container.av-17xe53-394772afbe9537abf141f05118c6d378 .av-image-caption-overlay-center{\ncolor:#ffffff;\n}\n<\/style>\n<div  class='avia-image-container av-17xe53-394772afbe9537abf141f05118c6d378 av-styling- avia-align-center  avia-builder-el-10  el_before_av_image  avia-builder-el-first '   itemprop=\"image\" itemscope=\"itemscope\" itemtype=\"https:\/\/schema.org\/ImageObject\" ><div class=\"avia-image-container-inner\"><div class=\"avia-image-overlay-wrap\"><img decoding=\"async\" fetchpriority=\"high\" class='wp-image-3167 avia-img-lazy-loading-not-3167 avia_image ' src=\"https:\/\/beautystyle-cosmetics.com\/wp-content\/uploads\/2024\/05\/IMG_8469-300x221.jpg\" alt='' title='IMG_8469'  height=\"221\" width=\"300\"  itemprop=\"thumbnailUrl\" srcset=\"https:\/\/beautystyle-cosmetics.com\/wp-content\/uploads\/2024\/05\/IMG_8469-300x221.jpg 300w, https:\/\/beautystyle-cosmetics.com\/wp-content\/uploads\/2024\/05\/IMG_8469-1030x760.jpg 1030w, https:\/\/beautystyle-cosmetics.com\/wp-content\/uploads\/2024\/05\/IMG_8469-768x567.jpg 768w, https:\/\/beautystyle-cosmetics.com\/wp-content\/uploads\/2024\/05\/IMG_8469-705x520.jpg 705w, https:\/\/beautystyle-cosmetics.com\/wp-content\/uploads\/2024\/05\/IMG_8469-450x332.jpg 450w, https:\/\/beautystyle-cosmetics.com\/wp-content\/uploads\/2024\/05\/IMG_8469.jpg 1241w\" sizes=\"(max-width: 300px) 100vw, 300px\" \/><\/div><\/div><\/div><br \/>\n\n<style type=\"text\/css\" data-created_by=\"avia_inline_auto\" id=\"style-css-av-lw5apmh2-e15fd73e29d6221c0019ad3794094900\">\n.avia-image-container.av-lw5apmh2-e15fd73e29d6221c0019ad3794094900 img.avia_image{\nbox-shadow:none;\n}\n.avia-image-container.av-lw5apmh2-e15fd73e29d6221c0019ad3794094900 .av-image-caption-overlay-center{\ncolor:#ffffff;\n}\n<\/style>\n<div  class='avia-image-container av-lw5apmh2-e15fd73e29d6221c0019ad3794094900 av-styling- avia-align-center  avia-builder-el-11  el_after_av_image  avia-builder-el-last '   itemprop=\"image\" itemscope=\"itemscope\" itemtype=\"https:\/\/schema.org\/ImageObject\" ><div class=\"avia-image-container-inner\"><div class=\"avia-image-overlay-wrap\"><img decoding=\"async\" fetchpriority=\"high\" class='wp-image-3166 avia-img-lazy-loading-not-3166 avia_image ' src=\"https:\/\/beautystyle-cosmetics.com\/wp-content\/uploads\/2024\/05\/IMG_8468-300x300.jpg\" alt='' title='IMG_8468'  height=\"300\" width=\"300\"  itemprop=\"thumbnailUrl\" srcset=\"https:\/\/beautystyle-cosmetics.com\/wp-content\/uploads\/2024\/05\/IMG_8468-300x300.jpg 300w, https:\/\/beautystyle-cosmetics.com\/wp-content\/uploads\/2024\/05\/IMG_8468-80x80.jpg 80w, https:\/\/beautystyle-cosmetics.com\/wp-content\/uploads\/2024\/05\/IMG_8468-768x768.jpg 768w, https:\/\/beautystyle-cosmetics.com\/wp-content\/uploads\/2024\/05\/IMG_8468-36x36.jpg 36w, https:\/\/beautystyle-cosmetics.com\/wp-content\/uploads\/2024\/05\/IMG_8468-180x180.jpg 180w, https:\/\/beautystyle-cosmetics.com\/wp-content\/uploads\/2024\/05\/IMG_8468-705x705.jpg 705w, https:\/\/beautystyle-cosmetics.com\/wp-content\/uploads\/2024\/05\/IMG_8468-120x120.jpg 120w, https:\/\/beautystyle-cosmetics.com\/wp-content\/uploads\/2024\/05\/IMG_8468-450x450.jpg 450w, https:\/\/beautystyle-cosmetics.com\/wp-content\/uploads\/2024\/05\/IMG_8468-100x100.jpg 100w, https:\/\/beautystyle-cosmetics.com\/wp-content\/uploads\/2024\/05\/IMG_8468.jpg 900w\" sizes=\"(max-width: 300px) 100vw, 300px\" \/><\/div><\/div><\/div><\/p>\n<\/div><\/div><\/div>\n<style type=\"text\/css\" data-created_by=\"avia_inline_auto\" id=\"style-css-av-15j927-31fc550857f31633360dced51eb7e4c3\">\n.avia-section.av-15j927-31fc550857f31633360dced51eb7e4c3{\nbackground-repeat:no-repeat;\nbackground-image:url(https:\/\/beautystyle-cosmetics.com\/wp-content\/uploads\/2016\/02\/Waxing.png);\nbackground-position:50% 100%;\nbackground-attachment:fixed;\n}\n.avia-section.av-15j927-31fc550857f31633360dced51eb7e4c3 .av-section-color-overlay{\nopacity:0.5;\nbackground-color:#000000;\n}\n<\/style>\n<div id='av_section_2'  class='avia-section av-15j927-31fc550857f31633360dced51eb7e4c3 alternate_color avia-section-large avia-no-border-styling  avia-builder-el-12  el_after_av_layout_row  el_before_av_textblock  avia-full-stretch avia-bg-style-fixed av-section-color-overlay-active container_wrap sidebar_right'  data-section-bg-repeat='stretch'><div class=\"av-section-color-overlay-wrap\"><div class=\"av-section-color-overlay\"><\/div><div class='container av-section-cont-open' ><div class='template-page content  av-content-small alpha units'><div class='post-entry post-entry-type-page post-entry-463'><div class='entry-content-wrapper clearfix'>\n\n<style type=\"text\/css\" data-created_by=\"avia_inline_auto\" id=\"style-css-av-863jr-c89986ee05cc2eb7eb128e24d226975f\">\n#top .av-special-heading.av-863jr-c89986ee05cc2eb7eb128e24d226975f{\npadding-bottom:20px;\n}\nbody .av-special-heading.av-863jr-c89986ee05cc2eb7eb128e24d226975f .av-special-heading-tag .heading-char{\nfont-size:25px;\n}\n.av-special-heading.av-863jr-c89986ee05cc2eb7eb128e24d226975f .av-subheading{\nfont-size:15px;\n}\n<\/style>\n<div  class='av-special-heading av-863jr-c89986ee05cc2eb7eb128e24d226975f av-special-heading-h1 blockquote modern-quote modern-centered  avia-builder-el-13  el_before_av_one_fifth  avia-builder-el-first '><h1 class='av-special-heading-tag'  itemprop=\"headline\"  >Buchen Sie direkt einen Termin bei mir<\/h1><div class=\"special-heading-border\"><div class=\"special-heading-inner-border\"><\/div><\/div><\/div>\n\n<style type=\"text\/css\" data-created_by=\"avia_inline_auto\" id=\"style-css-av-ryi5j-d5be91868064ed1b1b4310f1397a1dce\">\n.flex_column.av-ryi5j-d5be91868064ed1b1b4310f1397a1dce{\nborder-radius:0px 0px 0px 0px;\npadding:0px 0px 0px 0px;\n}\n<\/style>\n<div  class='flex_column av-ryi5j-d5be91868064ed1b1b4310f1397a1dce av_one_fifth  avia-builder-el-14  el_after_av_heading  el_before_av_three_fifth  first flex_column_div av-zero-column-padding  '     ><\/div>\n<style type=\"text\/css\" data-created_by=\"avia_inline_auto\" id=\"style-css-av-2597z-26a486595b1e5a0a5e6a6e00d1a4c3e3\">\n.flex_column.av-2597z-26a486595b1e5a0a5e6a6e00d1a4c3e3{\nborder-radius:0px 0px 0px 0px;\npadding:0px 0px 0px 0px;\n}\n<\/style>\n<div  class='flex_column av-2597z-26a486595b1e5a0a5e6a6e00d1a4c3e3 av_three_fifth  avia-builder-el-15  el_after_av_one_fifth  el_before_av_one_fifth  flex_column_div av-zero-column-padding  '     ><div  class='avia-button-wrap av-cptu7-10fa12365ed5abf0847b9394731fced7-wrap avia-button-center  avia-builder-el-16  avia-builder-el-no-sibling '><a href='https:\/\/booking.localsearch.ch\/bookings\/beauty-style-cosmetics\/services?locale=de-CH&origin=standalone' class='avia-button av-cptu7-10fa12365ed5abf0847b9394731fced7 avia-icon_select-yes-right-icon avia-size-x-large avia-position-center av-icon-on-hover avia-color-theme-color' target=\"_blank\" rel=\"noopener noreferrer\"><span class='avia_iconbox_title' >Termin buchen<\/span><span class='avia_button_icon avia_button_icon_right' aria-hidden='true' data-av_icon='\ue85b' data-av_iconfont='entypo-fontello'><\/span><\/a><\/div><\/div>\n<style type=\"text\/css\" data-created_by=\"avia_inline_auto\" id=\"style-css-av-bj413-4b14b84f3feaf5d5d520697afae2721c\">\n.flex_column.av-bj413-4b14b84f3feaf5d5d520697afae2721c{\nborder-radius:0px 0px 0px 0px;\npadding:0px 0px 0px 0px;\n}\n<\/style>\n<div  class='flex_column av-bj413-4b14b84f3feaf5d5d520697afae2721c av_one_fifth  avia-builder-el-17  el_after_av_three_fifth  avia-builder-el-last  flex_column_div av-zero-column-padding  '     ><\/div>\n<\/div><\/div><\/div><!-- close content main div --><\/div><\/div><\/div><div id='after_section_2'  class='main_color av_default_container_wrap container_wrap sidebar_right'  ><div class='container av-section-cont-open' ><div class='template-page content  av-content-small alpha units'><div class='post-entry post-entry-type-page post-entry-463'><div class='entry-content-wrapper clearfix'><\/p>\n\n<style type=\"text\/css\" data-created_by=\"avia_inline_auto\" id=\"style-css-av-lw5bvyjw-abb0c38f23ab48fbd66a99d37e030cce\">\n#top .av_textblock_section.av-lw5bvyjw-abb0c38f23ab48fbd66a99d37e030cce .avia_textblock{\ntext-align:center;\n}\n<\/style>\n<section  class='av_textblock_section av-lw5bvyjw-abb0c38f23ab48fbd66a99d37e030cce '   itemscope=\"itemscope\" itemtype=\"https:\/\/schema.org\/CreativeWork\" ><div class='avia_textblock'  itemprop=\"text\" ><p><strong>Was ist Epilfree?<\/strong><\/p>\n<p>Epilfree ist eine permanente Enthaarungsbehandlung, die direkt nach dem Waxing angewendet wird. Es handelt sich um eine wissenschaftliche Formel, die nur von Fachleuten verwendet werden darf. Es basiert auf nat\u00fcrlichen Inhaltsstoffen: es ist sicher, wirksam und hat keine Nebenwirkungen. Als kosmetisches Produkt wird Epilfree durch nichts limitiert. Es funktioniert bei jedem Hauttyp, perfekt f\u00fcr alle Hauttypen und zu 100% sicher bei t\u00e4towierter Haut.<\/p>\n<p><strong>-Blonde Haare-Wei\u00dfe Haare-Feine Haare-Sensible Haut-T\u00e4towierte Haut-Dunkle Haut<\/strong><\/p>\n<p>-Schmerzfrei-Nat\u00fcrliche Inhaltsstoffe-Vorteilhaft f\u00fcr die Haut-Keine Altersbeschr\u00e4nkung-keine Nebenwirkungen-Keine Lichtsensibilisierung.<\/p>\n<p>Approved FDA<\/p>\n<p>Epilfree ist bei jedem Haut-und Haartyp effektiv, solange alle Behandlungsschritte ganz genau eingehalten werden.<br \/>\nBehandlungsziel zwischen 10-12 Behandlungen.<br \/>\nBehandlungshytmus erfolgt alle 3 Wochen.<\/p>\n<p>Deshalb unbedingt vor und nach der Behandlung <strong>folgende Regeln<\/strong> beachten:<\/p>\n<p><strong>VORHER<\/strong><br \/>\n<strong> xOptimale Haarl\u00e4nge<\/strong><br \/>\n<strong> x1 Stunde vor der Behandlung weder geduscht\/ Kosmetika\/ Deo\/ Make-up aufgetragen wird. Die Behandlungsareale m\u00fcssen v\u00f6llig trocken und fettfrei sein.<\/strong><\/p>\n<p><strong>NACHHER<\/strong><br \/>\n<strong> 6 Stunden nach der Behandlung:<\/strong><br \/>\n<strong> x Kein Schwitzen<\/strong><br \/>\n<strong> x Kein duschen<\/strong><br \/>\n<strong> x Kein Auftragen von Kosmetika (Make-up\/\u00d6l\/Cremes o\u00e4)<\/strong><br \/>\n<strong> x Kein Sonnenbad (innerhalb 24Std nach der Behandlung<\/strong><\/p>\n<\/div><\/section>\n","protected":false},"excerpt":{"rendered":"","protected":false},"author":6,"featured_media":0,"parent":0,"menu_order":0,"comment_status":"closed","ping_status":"closed","template":"","meta":{"footnotes":""},"_links":{"self":[{"href":"https:\/\/beautystyle-cosmetics.com\/index.php?rest_route=\/wp\/v2\/pages\/463"}],"collection":[{"href":"https:\/\/beautystyle-cosmetics.com\/index.php?rest_route=\/wp\/v2\/pages"}],"about":[{"href":"https:\/\/beautystyle-cosmetics.com\/index.php?rest_route=\/wp\/v2\/types\/page"}],"author":[{"embeddable":true,"href":"https:\/\/beautystyle-cosmetics.com\/index.php?rest_route=\/wp\/v2\/users\/6"}],"replies":[{"embeddable":true,"href":"https:\/\/beautystyle-cosmetics.com\/index.php?rest_route=%2Fwp%2Fv2%2Fcomments&post=463"}],"version-history":[{"count":9,"href":"https:\/\/beautystyle-cosmetics.com\/index.php?rest_route=\/wp\/v2\/pages\/463\/revisions"}],"predecessor-version":[{"id":3396,"href":"https:\/\/beautystyle-cosmetics.com\/index.php?rest_route=\/wp\/v2\/pages\/463\/revisions\/3396"}],"wp:attachment":[{"href":"https:\/\/beautystyle-cosmetics.com\/index.php?rest_route=%2Fwp%2Fv2%2Fmedia&parent=463"}],"curies":[{"name":"wp","href":"https:\/\/api.w.org\/{rel}","templated":true}]}}