{"id":552,"date":"2016-05-10T11:46:06","date_gmt":"2016-05-10T09:46:06","guid":{"rendered":"http:\/\/beautystyle-cosmetics.com.w0148cd9.kasserver.com\/?page_id=552"},"modified":"2023-12-29T11:29:22","modified_gmt":"2023-12-29T10:29:22","slug":"kosmetik-fuer-teenager","status":"publish","type":"page","link":"https:\/\/beautystyle-cosmetics.com\/?page_id=552","title":{"rendered":"Teenager Kosmetik"},"content":{"rendered":"\n<style type=\"text\/css\" data-created_by=\"avia_inline_auto\" id=\"style-css-av-3ydxls-9de24700b90b665807746e37441d5297\">\n.avia-section.av-3ydxls-9de24700b90b665807746e37441d5297 .av-parallax .av-parallax-inner{\nbackground-repeat:no-repeat;\nbackground-image:url(https:\/\/beautystyle-cosmetics.com\/wp-content\/uploads\/2016\/05\/Pflege-Teenager.png);\nbackground-position:50% 100%;\nbackground-attachment:scroll;\n}\n.avia-section.av-3ydxls-9de24700b90b665807746e37441d5297 .av-section-color-overlay{\nopacity:0.5;\nbackground-color:#000000;\n}\n<\/style>\n<div id='av_section_1'  class='avia-section av-3ydxls-9de24700b90b665807746e37441d5297 main_color avia-section-default avia-no-shadow  avia-builder-el-0  el_before_av_layout_row  avia-builder-el-first  avia-full-stretch av-parallax-section avia-bg-style-parallax av-section-color-overlay-active av-minimum-height av-minimum-height-100 av-height-100  container_wrap sidebar_right'  data-section-bg-repeat='stretch' data-av_minimum_height_pc='100' data-av_min_height_opt='100'><div class='av-parallax' data-avia-parallax-ratio='0.3' ><div class='av-parallax-inner main_color avia-full-stretch'><\/div><\/div><div class=\"av-section-color-overlay-wrap\"><div class=\"av-section-color-overlay\"><\/div><a href='#next-section' title='' class='scroll-down-link ' aria-hidden='true' data-av_icon='\ue877' data-av_iconfont='entypo-fontello'><\/a><div class='container av-section-cont-open' ><main  role=\"main\" itemprop=\"mainContentOfPage\"  class='template-page content  av-content-small alpha units'><div class='post-entry post-entry-type-page post-entry-552'><div class='entry-content-wrapper clearfix'>\n\n<style type=\"text\/css\" data-created_by=\"avia_inline_auto\" id=\"style-css-av-3qq5d4-3bb795b6e251cd4a4f77b21387bef8cc\">\n.flex_column.av-3qq5d4-3bb795b6e251cd4a4f77b21387bef8cc{\nborder-radius:0px 0px 0px 0px;\npadding:0px 0px 0px 0px;\n}\n<\/style>\n<div  class='flex_column av-3qq5d4-3bb795b6e251cd4a4f77b21387bef8cc av_one_third  avia-builder-el-1  avia-builder-el-no-sibling  first flex_column_div av-zero-column-padding  '     ><p><br \/>\n<div  class='avia-button-wrap av-3gwna8-3756b8129b824f7ea03c99ed29ffff91-wrap avia-button-left  avia-builder-el-3  el_after_av_heading  avia-builder-el-last '>\n<style type=\"text\/css\" data-created_by=\"avia_inline_auto\" id=\"style-css-av-3gwna8-3756b8129b824f7ea03c99ed29ffff91\">\n#top #wrap_all .avia-button.av-3gwna8-3756b8129b824f7ea03c99ed29ffff91{\nbackground-color:#ffffff;\nborder-color:#ffffff;\ncolor:#000000;\ntransition:all 0.4s ease-in-out;\n}\n<\/style>\n<a href='https:\/\/booking.localsearch.ch\/bookings\/beauty-style-cosmetics\/services?locale=de-CH&origin=standalone' class='avia-button av-3gwna8-3756b8129b824f7ea03c99ed29ffff91 avia-icon_select-yes-right-icon avia-size-large avia-position-left av-icon-on-hover' target=\"_blank\" rel=\"noopener noreferrer\"><span class='avia_iconbox_title' >Termin buchen<\/span><span class='avia_button_icon avia_button_icon_right' aria-hidden='true' data-av_icon='\ue875' data-av_iconfont='entypo-fontello'><\/span><\/a><\/div><\/p><\/div>\n\n<\/div><\/div><\/main><!-- close content main element --><\/div><\/div><\/div><div id='av-layout-grid-1'  class='av-layout-grid-container av-366lwo-33b7b1c8e306291ca541470b9e19dcb7 entry-content-wrapper main_color av-flex-cells  avia-builder-el-4  el_after_av_section  el_before_av_section  grid-row-not-first  container_wrap sidebar_right'  >\n\n<style type=\"text\/css\" data-created_by=\"avia_inline_auto\" id=\"style-css-av-30cd8g-9cb093161a42e7401d2045ee18d69288\">\n.flex_cell.av-30cd8g-9cb093161a42e7401d2045ee18d69288{\nvertical-align:top;\n}\n.responsive #top #wrap_all .flex_cell.av-30cd8g-9cb093161a42e7401d2045ee18d69288{\npadding:30px 30px 30px 30px !important;\n}\n<\/style>\n<div class='flex_cell av-30cd8g-9cb093161a42e7401d2045ee18d69288 av-gridrow-cell av_one_half no_margin  avia-builder-el-5  el_before_av_cell_one_half  avia-builder-el-first '  ><div class='flex_cell_inner'><p>\n<style type=\"text\/css\" data-created_by=\"avia_inline_auto\" id=\"style-css-av-av_heading-c8520a4337957e789af9174b62f0c4b2\">\n#top .av-special-heading.av-av_heading-c8520a4337957e789af9174b62f0c4b2{\npadding-bottom:10px;\n}\nbody .av-special-heading.av-av_heading-c8520a4337957e789af9174b62f0c4b2 .av-special-heading-tag .heading-char{\nfont-size:25px;\n}\n.av-special-heading.av-av_heading-c8520a4337957e789af9174b62f0c4b2 .av-subheading{\nfont-size:15px;\n}\n<\/style>\n<div  class='av-special-heading av-av_heading-c8520a4337957e789af9174b62f0c4b2 av-special-heading-h1 blockquote modern-quote  avia-builder-el-6  el_before_av_catalogue  avia-builder-el-first '><h1 class='av-special-heading-tag'  itemprop=\"headline\"  >Kosmetik f\u00fcr Teenager<\/h1><div class=\"special-heading-border\"><div class=\"special-heading-inner-border\"><\/div><\/div><\/div><br \/>\n<div  class='av-catalogue-container av-2sigbc-6dd534a2a15d78fb1ce7a6e5129e5d65  avia-builder-el-7  el_after_av_heading  el_before_av_button '><ul class='av-catalogue-list'>\n<li><div class='av-catalogue-item av-av_catalogue_item-66fe21d24e16d17af7f68115b24d26cb' ><div class=\"av-catalogue-item-inner\"><div class=\"av-catalogue-title-container\"><div class='av-catalogue-title'>Gesichts-Aknebehandlung<\/div><div class='av-catalogue-price'>105,-<\/div><\/div><div class=\"av-catalogue-content\">\nHautanalyse\/Ausreinigung\/ Augenbrauenkorrektur\/Maske\/Augen- Lippenpflege\/Tagespflege\/Tages-Make-up\/ Tipps f\u00fcr die Pflege zuhause<\/p>\n<p><strong>60 min<\/strong><br \/>\n<\/div><\/div><\/div><\/li>\n<li><div class='av-catalogue-item av-av_catalogue_item-000a8fda94271607ced2835e7668790d' ><div class=\"av-catalogue-item-inner\"><div class=\"av-catalogue-title-container\"><div class='av-catalogue-title'>Gesichts-Aknebehandlung \"Intensive\"<\/div><div class='av-catalogue-price'>155,-<\/div><\/div><div class=\"av-catalogue-content\">\nsiehe &#8222;Classic&#8220;<br \/>\nAusreinigung: R\u00fccken\/Decolt\u00e9e\/Maske<\/p>\n<p><strong>120 min.<\/strong><br \/>\n<\/div><\/div><\/div><\/li>\n<li><div class='av-catalogue-item av-6w8ds-f388dbf958dd2f9e5a8406652e32f9e2' ><div class=\"av-catalogue-item-inner\"><div class=\"av-catalogue-title-container\"><div class='av-catalogue-title'>Gesichtsbehandlung \"Quick\"<\/div><div class='av-catalogue-price'>70,-<\/div><\/div><div class=\"av-catalogue-content\">\nVapozon\/Ausreinigung\/Maske\/Augen+ Lippenpflege\/Tagespflege\/Tages Make-up\/ Tipps f\u00fcr die Pflege zuhause<\/p>\n<p><strong>35min<\/strong><br \/>\n<\/div><\/div><\/div><\/li>\n<li><div class='av-catalogue-item av-av_catalogue_item-08feff4f99e0b3b7d4bfe81df74afdc9' ><img decoding=\"async\" width=\"180\" height=\"180\" loading=\"lazy\" src=\"https:\/\/beautystyle-cosmetics.com\/wp-content\/uploads\/2023\/01\/Landsberg-JetPeel-SocialMedia-Instagram-180x180.jpg\" title='Landsberg-JetPeel-SocialMedia-Instagram' alt='' class='wp-image-2845 avia-img-lazy-loading-2845 av-catalogue-image' srcset=\"https:\/\/beautystyle-cosmetics.com\/wp-content\/uploads\/2023\/01\/Landsberg-JetPeel-SocialMedia-Instagram-180x180.jpg 180w, https:\/\/beautystyle-cosmetics.com\/wp-content\/uploads\/2023\/01\/Landsberg-JetPeel-SocialMedia-Instagram-300x300.jpg 300w, https:\/\/beautystyle-cosmetics.com\/wp-content\/uploads\/2023\/01\/Landsberg-JetPeel-SocialMedia-Instagram-1030x1030.jpg 1030w, https:\/\/beautystyle-cosmetics.com\/wp-content\/uploads\/2023\/01\/Landsberg-JetPeel-SocialMedia-Instagram-80x80.jpg 80w, https:\/\/beautystyle-cosmetics.com\/wp-content\/uploads\/2023\/01\/Landsberg-JetPeel-SocialMedia-Instagram-768x768.jpg 768w, https:\/\/beautystyle-cosmetics.com\/wp-content\/uploads\/2023\/01\/Landsberg-JetPeel-SocialMedia-Instagram-36x36.jpg 36w, https:\/\/beautystyle-cosmetics.com\/wp-content\/uploads\/2023\/01\/Landsberg-JetPeel-SocialMedia-Instagram-705x705.jpg 705w, https:\/\/beautystyle-cosmetics.com\/wp-content\/uploads\/2023\/01\/Landsberg-JetPeel-SocialMedia-Instagram-100x100.jpg 100w, https:\/\/beautystyle-cosmetics.com\/wp-content\/uploads\/2023\/01\/Landsberg-JetPeel-SocialMedia-Instagram-450x450.jpg 450w, https:\/\/beautystyle-cosmetics.com\/wp-content\/uploads\/2023\/01\/Landsberg-JetPeel-SocialMedia-Instagram.jpg 1440w\" sizes=\"(max-width: 180px) 100vw, 180px\" \/><div class=\"av-catalogue-item-inner\"><div class=\"av-catalogue-title-container\"><div class='av-catalogue-title'>Jet Peel<\/div><div class='av-catalogue-price'>129,-<\/div><\/div><div class=\"av-catalogue-content\">\nSchmerzfrei<\/p>\n<p>Die 100% nicht-invasiven Jetstreams dringen auf eine solch angenehme und entspannende Weise in die Unterhaut ein, dass zu einem genussvollen Erlebnis wird.<br \/>\nKeine Ausfallzeiten<\/p>\n<p>Die Haut wird nicht verletzt, daher sind er\u00fcbrigen sich Heilungs- oder Ausfallzeiten. Die behandelten Personen k\u00f6nnen unmittelbar nach der Behandlung mit ihrer t\u00e4glichen Routine fortfahren.<br \/>\nRasch sichtbare Ergebnisse<\/p>\n<p>Da die N\u00e4hrstoffe unmittelbar in den tiefen Hautschichten freigesetzt werden, bewirken sie sofort sichtbare Erfolge.<br \/>\nWissenschaftlich fundiert<\/p>\n<p>Eine JetPro-Behandlung ist nicht nur angenehm und entspannend, sondern auch vertrauensw\u00fcrdig: Die Wirksamkeit ist klinisch erwiesen.<\/p>\n<p><strong>50min<\/strong><br \/>\n<\/div><\/div><\/div><\/li>\n<\/ul><\/div><br \/>\n<div  class='avia-button-wrap av-23pj94-2838ffe44dbba3f47e873e18d6ff2add-wrap avia-button-left  avia-builder-el-8  el_after_av_catalogue  avia-builder-el-last '>\n<style type=\"text\/css\" data-created_by=\"avia_inline_auto\" id=\"style-css-av-23pj94-2838ffe44dbba3f47e873e18d6ff2add\">\n#top #wrap_all .avia-button.av-23pj94-2838ffe44dbba3f47e873e18d6ff2add{\nbackground-color:#000000;\nborder-color:#000000;\ncolor:#ffffff;\ntransition:all 0.4s ease-in-out;\n}\n<\/style>\n<a href='https:\/\/booking.localsearch.ch\/bookings\/beauty-style-cosmetics\/services?locale=de-CH&origin=standalone' class='avia-button av-23pj94-2838ffe44dbba3f47e873e18d6ff2add avia-icon_select-yes-right-icon avia-size-large avia-position-left av-icon-on-hover' target=\"_blank\" rel=\"noopener noreferrer\"><span class='avia_iconbox_title' >Termin buchen<\/span><span class='avia_button_icon avia_button_icon_right' aria-hidden='true' data-av_icon='\ue875' data-av_iconfont='entypo-fontello'><\/span><\/a><\/div><\/p>\n<\/div><\/div>\n<style type=\"text\/css\" data-created_by=\"avia_inline_auto\" id=\"style-css-av-1v8a20-1abbd7e4069be6fac32049c5b8db5544\">\n.flex_cell.av-1v8a20-1abbd7e4069be6fac32049c5b8db5544{\nvertical-align:top;\n}\n.responsive #top #wrap_all .flex_cell.av-1v8a20-1abbd7e4069be6fac32049c5b8db5544{\npadding:30px 30px 30px 30px !important;\n}\n<\/style>\n<div class='flex_cell av-1v8a20-1abbd7e4069be6fac32049c5b8db5544 av-gridrow-cell av_one_half no_margin  avia-builder-el-9  el_after_av_cell_one_half  avia-builder-el-last '  ><div class='flex_cell_inner'>\n<style type=\"text\/css\" data-created_by=\"avia_inline_auto\" id=\"style-css-sub-av-1rreoo-a98af2b93060497e16b0169b6693209c\">\n.av-hotspot-image-container .av-image-hotspot.av-1k4svs-36cf14a962b84717ff3c02bc8fb3a274{\ntop:34.4%;\nleft:57.8%;\n}\n.av-hotspot-image-container .av-image-hotspot.av-4yko0-3a3aedb3f7140586ee23954881a8623d{\ntop:48.6%;\nleft:61.8%;\n}\n.av-hotspot-image-container .av-image-hotspot.av-1aotoo-0adbd66bd5307433e217ecc5cc16a6ae{\ntop:45.6%;\nleft:36.1%;\n}\n<\/style>\n<div  class='av-hotspot-image-container av-1rreoo-a98af2b93060497e16b0169b6693209c  avia-builder-el-10  avia-builder-el-no-sibling  av-hotspot-numbered avia_animated_image avia_animate_when_almost_visible bottom-to-top av-mobile-fallback-active  av-non-fullwidth-hotspot-image'  itemprop=\"image\" itemscope=\"itemscope\" itemtype=\"https:\/\/schema.org\/ImageObject\" ><div class='av-hotspot-container'><div class='av-hotspot-container-inner-cell'><div class='av-hotspot-container-inner-wrap'><div class='av-image-hotspot av-1k4svs-36cf14a962b84717ff3c02bc8fb3a274 av-image-hotspot-1 ' data-avia-tooltip-position='top' data-avia-tooltip-alignment='left' data-avia-tooltip-class='av-tt-large-width av-tt-pos-above av-tt-align-left  av-mobile-fallback-active  main_color av-tt-hotspot' data-avia-tooltip='&lt;p&gt;&lt;strong&gt;Gesichts &#8211; Aknebehandlung&lt;br \/&gt;\n&lt;\/strong&gt;&lt;\/p&gt;\n'><div class='av-image-hotspot_inner'>1<\/div><div class='av-image-hotspot-pulse'><\/div><\/div><div class='av-image-hotspot av-4yko0-3a3aedb3f7140586ee23954881a8623d av-image-hotspot-2 ' data-avia-tooltip-position='top' data-avia-tooltip-alignment='left' data-avia-tooltip-class='av-tt-large-width av-tt-pos-above av-tt-align-left  av-mobile-fallback-active  main_color av-tt-hotspot' data-avia-tooltip='&lt;p&gt;&lt;strong&gt;Gesichts &#8211; Aknebehandlung &#8222;Intensiv&#8220;&lt;br \/&gt;\n&lt;\/strong&gt;&lt;\/p&gt;\n'><div class='av-image-hotspot_inner'>2<\/div><div class='av-image-hotspot-pulse'><\/div><\/div><div class='av-image-hotspot av-1aotoo-0adbd66bd5307433e217ecc5cc16a6ae av-image-hotspot-3 ' data-avia-tooltip-position='top' data-avia-tooltip-alignment='left' data-avia-tooltip-class='av-tt-large-width av-tt-pos-above av-tt-align-left  av-mobile-fallback-active  main_color av-tt-hotspot' data-avia-tooltip='&lt;p&gt;&lt;strong&gt;Gesichts &#8211; Aknebehandlung &#8222;Quick&#8220;&lt;br \/&gt;\n&lt;\/strong&gt;&lt;\/p&gt;\n'><div class='av-image-hotspot_inner'>3<\/div><div class='av-image-hotspot-pulse'><\/div><\/div><img decoding=\"async\" fetchpriority=\"high\" class='wp-image-554 avia-img-lazy-loading-not-554 avia_image' src=\"https:\/\/beautystyle-cosmetics.com\/wp-content\/uploads\/2016\/05\/Pflege-Jugendliche.png\" alt='' title='Pflege-Jugendliche'  height=\"1500\" width=\"1325\"  itemprop=\"thumbnailUrl\" srcset=\"https:\/\/beautystyle-cosmetics.com\/wp-content\/uploads\/2016\/05\/Pflege-Jugendliche.png 1325w, https:\/\/beautystyle-cosmetics.com\/wp-content\/uploads\/2016\/05\/Pflege-Jugendliche-450x509.png 450w, https:\/\/beautystyle-cosmetics.com\/wp-content\/uploads\/2016\/05\/Pflege-Jugendliche-265x300.png 265w, https:\/\/beautystyle-cosmetics.com\/wp-content\/uploads\/2016\/05\/Pflege-Jugendliche-768x869.png 768w, https:\/\/beautystyle-cosmetics.com\/wp-content\/uploads\/2016\/05\/Pflege-Jugendliche-910x1030.png 910w, https:\/\/beautystyle-cosmetics.com\/wp-content\/uploads\/2016\/05\/Pflege-Jugendliche-623x705.png 623w\" sizes=\"(max-width: 1325px) 100vw, 1325px\" \/><\/div><\/div><\/div><div class='av-hotspot-fallback-tooltip av-image-hotspot-1 '><div class=\"av-hotspot-fallback-tooltip-count\">1<div class=\"avia-arrow\"><\/div><\/div><div class=\"av-hotspot-fallback-tooltip-inner clearfix\"><p>\n<strong>Gesichts &#8211; Aknebehandlung<br \/>\n<\/strong><\/p>\n<\/div><\/div><div class='av-hotspot-fallback-tooltip av-image-hotspot-2 '><div class=\"av-hotspot-fallback-tooltip-count\">2<div class=\"avia-arrow\"><\/div><\/div><div class=\"av-hotspot-fallback-tooltip-inner clearfix\"><p>\n<strong>Gesichts &#8211; Aknebehandlung &#8222;Intensiv&#8220;<br \/>\n<\/strong><\/p>\n<\/div><\/div><div class='av-hotspot-fallback-tooltip av-image-hotspot-3 '><div class=\"av-hotspot-fallback-tooltip-count\">3<div class=\"avia-arrow\"><\/div><\/div><div class=\"av-hotspot-fallback-tooltip-inner clearfix\"><p>\n<strong>Gesichts &#8211; Aknebehandlung &#8222;Quick&#8220;<br \/>\n<\/strong><\/p>\n<\/div><\/div><\/div>\n<\/div><\/div><\/div>\n<style type=\"text\/css\" data-created_by=\"avia_inline_auto\" id=\"style-css-av-11zw94-9475fc0101adc73aa17ff0c005d3ef08\">\n.avia-section.av-11zw94-9475fc0101adc73aa17ff0c005d3ef08{\nbackground-repeat:no-repeat;\nbackground-image:url(https:\/\/beautystyle-cosmetics.com\/wp-content\/uploads\/2016\/05\/Pflege-Teenager.png);\nbackground-position:50% 50%;\nbackground-attachment:fixed;\n}\n.avia-section.av-11zw94-9475fc0101adc73aa17ff0c005d3ef08 .av-section-color-overlay{\nopacity:0.5;\nbackground-color:#000000;\n}\n<\/style>\n<div id='av_section_2'  class='avia-section av-11zw94-9475fc0101adc73aa17ff0c005d3ef08 alternate_color avia-section-large avia-no-border-styling  avia-builder-el-11  el_after_av_layout_row  avia-builder-el-last  avia-full-stretch avia-bg-style-fixed av-section-color-overlay-active container_wrap sidebar_right'  data-section-bg-repeat='stretch'><div class=\"av-section-color-overlay-wrap\"><div class=\"av-section-color-overlay\"><\/div><div class='container av-section-cont-open' ><div class='template-page content  av-content-small alpha units'><div class='post-entry post-entry-type-page post-entry-552'><div class='entry-content-wrapper clearfix'>\n\n<style type=\"text\/css\" data-created_by=\"avia_inline_auto\" id=\"style-css-av-b360w-a8ed99aa43bce2ae2ebb4a03fb5630df\">\n#top .av-special-heading.av-b360w-a8ed99aa43bce2ae2ebb4a03fb5630df{\npadding-bottom:20px;\n}\nbody .av-special-heading.av-b360w-a8ed99aa43bce2ae2ebb4a03fb5630df .av-special-heading-tag .heading-char{\nfont-size:25px;\n}\n.av-special-heading.av-b360w-a8ed99aa43bce2ae2ebb4a03fb5630df .av-subheading{\nfont-size:15px;\n}\n<\/style>\n<div  class='av-special-heading av-b360w-a8ed99aa43bce2ae2ebb4a03fb5630df av-special-heading-h1 blockquote modern-quote modern-centered  avia-builder-el-12  el_before_av_one_fifth  avia-builder-el-first '><h1 class='av-special-heading-tag'  itemprop=\"headline\"  >Buchen Sie direkt einen Termin bei mir<\/h1><div class=\"special-heading-border\"><div class=\"special-heading-inner-border\"><\/div><\/div><\/div>\n\n<style type=\"text\/css\" data-created_by=\"avia_inline_auto\" id=\"style-css-av-pw1o0-bada06078d27026436436177312d7a55\">\n.flex_column.av-pw1o0-bada06078d27026436436177312d7a55{\nborder-radius:0px 0px 0px 0px;\npadding:0px 0px 0px 0px;\n}\n<\/style>\n<div  class='flex_column av-pw1o0-bada06078d27026436436177312d7a55 av_one_fifth  avia-builder-el-13  el_after_av_heading  el_before_av_three_fifth  first flex_column_div av-zero-column-padding  '     ><\/div>\n<style type=\"text\/css\" data-created_by=\"avia_inline_auto\" id=\"style-css-av-jah74-07fb3d9c01a30d8961f9c76bf9205598\">\n.flex_column.av-jah74-07fb3d9c01a30d8961f9c76bf9205598{\nborder-radius:0px 0px 0px 0px;\npadding:0px 0px 0px 0px;\n}\n<\/style>\n<div  class='flex_column av-jah74-07fb3d9c01a30d8961f9c76bf9205598 av_three_fifth  avia-builder-el-14  el_after_av_one_fifth  el_before_av_one_fifth  flex_column_div av-zero-column-padding  '     ><div  class='avia-button-wrap av-g6nqg-41aafccb0993ed7c25dd00429c08df4b-wrap avia-button-center  avia-builder-el-15  avia-builder-el-no-sibling '><a href='https:\/\/booking.localsearch.ch\/bookings\/beauty-style-cosmetics\/services?locale=de-CH&origin=standalone' class='avia-button av-g6nqg-41aafccb0993ed7c25dd00429c08df4b avia-icon_select-yes-right-icon avia-size-x-large avia-position-center av-icon-on-hover avia-color-theme-color' target=\"_blank\" rel=\"noopener noreferrer\"><span class='avia_iconbox_title' >Termin buchen<\/span><span class='avia_button_icon avia_button_icon_right' aria-hidden='true' data-av_icon='\ue85b' data-av_iconfont='entypo-fontello'><\/span><\/a><\/div><\/div>\n<style type=\"text\/css\" data-created_by=\"avia_inline_auto\" id=\"style-css-av-zujs-f14a4a8a07faf31405370a80976ec25d\">\n.flex_column.av-zujs-f14a4a8a07faf31405370a80976ec25d{\nborder-radius:0px 0px 0px 0px;\npadding:0px 0px 0px 0px;\n}\n<\/style>\n<div  class='flex_column av-zujs-f14a4a8a07faf31405370a80976ec25d av_one_fifth  avia-builder-el-16  el_after_av_three_fifth  avia-builder-el-last  flex_column_div av-zero-column-padding  '     ><\/div>\n<\/div><\/div><\/div><!-- close content main div --><\/div><\/div><\/div><div id='after_section_2'  class='main_color av_default_container_wrap container_wrap sidebar_right'  ><div class='container av-section-cont-open' ><div class='template-page content  av-content-small alpha units'><div class='post-entry post-entry-type-page post-entry-552'><div class='entry-content-wrapper clearfix'><\/p>\n","protected":false},"excerpt":{"rendered":"","protected":false},"author":6,"featured_media":0,"parent":0,"menu_order":0,"comment_status":"closed","ping_status":"closed","template":"","meta":{"footnotes":""},"_links":{"self":[{"href":"https:\/\/beautystyle-cosmetics.com\/index.php?rest_route=\/wp\/v2\/pages\/552"}],"collection":[{"href":"https:\/\/beautystyle-cosmetics.com\/index.php?rest_route=\/wp\/v2\/pages"}],"about":[{"href":"https:\/\/beautystyle-cosmetics.com\/index.php?rest_route=\/wp\/v2\/types\/page"}],"author":[{"embeddable":true,"href":"https:\/\/beautystyle-cosmetics.com\/index.php?rest_route=\/wp\/v2\/users\/6"}],"replies":[{"embeddable":true,"href":"https:\/\/beautystyle-cosmetics.com\/index.php?rest_route=%2Fwp%2Fv2%2Fcomments&post=552"}],"version-history":[{"count":9,"href":"https:\/\/beautystyle-cosmetics.com\/index.php?rest_route=\/wp\/v2\/pages\/552\/revisions"}],"predecessor-version":[{"id":3047,"href":"https:\/\/beautystyle-cosmetics.com\/index.php?rest_route=\/wp\/v2\/pages\/552\/revisions\/3047"}],"wp:attachment":[{"href":"https:\/\/beautystyle-cosmetics.com\/index.php?rest_route=%2Fwp%2Fv2%2Fmedia&parent=552"}],"curies":[{"name":"wp","href":"https:\/\/api.w.org\/{rel}","templated":true}]}}